et b(h) = -h**2 - 34*h + 1016. Calculate the remainder when 154 is divided by b(-53).
1
Let o(f) = -f**2 - 156*f - 861. Calculate the remainder when 303 is divided by o(-150).
30
Suppose -779 = 58*d - 1323 - 848. Suppose -6*u + 4*u - f = -188, -4*f = 0. What is the remainder when u is divided by d?
22
Let a = -6 - -8. Let y = -1130 + 1134. Calculate the remainder when (4/a + -8)/(-1) is divided by y.
2
Let l be (643 + -8)*(1 + 0 + 0). Let n(p) = 6*p**2 - 16*p - 1. Let j be n(9). Suppose -8*u + j + l = 0. Calculate the remainder when u is divided by 31.
29
Let s(a) = -a**3 + 13*a**2 - 12*a + 7. Let j be s(12). Let b be (-44)/(-6)*(-8 - j). What is the remainder when 76 is divided by b/(-7) + 2/7?
12
What is the remainder when 338 is divided by ((-9)/9 - 0)*-5 - -52?
53
Let d = 50 - 33. What is the remainder when (-2200)/(-16)*250/625 is divided by d?
4
Let t(y) = 3*y**2 + 2*y - 4. Let v(k) = 0*k - 6*k - 613 + 565. Calculate the remainder when t(5) is divided by v(-10).
9
Let g(o) = o**3 - 20*o**2 + 7*o + 627. What is the remainder when g(22) is divided by 15?
9
Suppose l - 383 = -3*k, 5*l - 9*l = 4*k - 524. Let x(s) = 8*s. Suppose -9 + 7 = -2*i. Calculate the remainder when k is divided by x(i).
6
Suppose 2*g + 126 = 2*q, -5*q + 294 = 2*g - 0*g. Suppose -331 = 8*y + 109. Let c = y + q. Calculate the remainder when 6 is divided by c.
1
Let a = -26 - -28. Suppose -2*u = -4*k - a, -4*k - u - 7 = 4. Let l(h) = 6*h**2 + 3*h. What is the remainder when l(k) is divided by 10?
8
Suppose -z + c = 3, 2*z - 5*c + 31 = 10. Suppose -4*k = -4*b - 20, -6*b - 10 = -b. Calculate the remainder when k is divided by z.
1
Let r(i) = -35*i - 1230. Calculate the remainder when 190 is divided by r(-37).
60
Let d be (-2 - 29/(-6)) + 26/156. Suppose 0 = -2*b - 3528 - 3128. Calculate the remainder when d/(-5) + b/(-80) is divided by 6.
5
Suppose -24*a = -20*a - 20. Suppose 74 - 4 = a*u. Let n = u - 6. What is the remainder when 31 is divided by n?
7
Suppose -4*w = -w + c + 43, -w = 4*c + 18. Let n(k) = -6*k - 34. Let y be n(w). Let d = y - 48. What is the remainder when 5 is divided by d?
1
Calculate the remainder when 375 is divided by 6/5*318155/2907 - 4/(-6).
111
Let x(i) = -i**2 + 13*i + 28. Let g be 3*((-32)/(-3))/(-4). Let v = 6 - g. Calculate the remainder when 95 is divided by x(v).
11
Let r = -15427 - -15895. Calculate the remainder when r is divided by 229.
10
Let q = 18 + -13. Calculate the remainder when ((-9)/7)/((-10)/(11550/99)) is divided by q.
0
Suppose -53*c + 49*c + 3*q = -101, 3*c - 84 = 5*q. Calculate the remainder when 5096 is divided by c.
13
Let l = -2378 + 2454. Calculate the remainder when 528 is divided by l.
72
Suppose 20*g = -8*g + 56. Let b = 21 + g. Suppose -5*s + 232 = -213. What is the remainder when s is divided by b?
20
Let t = 3536 - 3519. Calculate the remainder when 174 is divided by t.
4
Suppose 5*c + 0*c + 5*m - 10 = 0, c + 4*m - 14 = 0. Calculate the remainder when (c/4)/((-30)/5940) is divided by ((-17)/(-2))/((-4)/(-8)).
14
Let g(f) = 47*f + 2. Let h(t) = -t**3. Let c be h(1). Let l be g(c). Let x = l + 95. Calculate the remainder when x is divided by 17.
16
Let p(d) = -2000*d - 981. What is the remainder when p(-8) is divided by 9?
7
Suppose -266 = -g + l, -1059 = -4*g + 16*l - 13*l. Calculate the remainder when g is divided by 66.
63
Let o = 223 - 147. Suppose -4*u + 0*u = -o. Suppose -8*k = -11*k + 162. Calculate the remainder when k is divided by u.
16
Suppose -8*s - 61 + 205 = 0. Suppose 0 = 42*l - 3294 + s. Calculate the remainder when l is divided by 10.
8
Let y(s) = -113*s + 9145. Calculate the remainder when 1280 is divided by y(78).
287
Suppose 0 = 5*s + 4*f - 60, 2*s + 3*s = -2*f + 60. What is the remainder when s is divided by 3/15 - ((-86)/20 + (-5)/(-10))?
0
What is the remainder when (-15520)/(-17 + 1) + -12 is divided by 7?
6
Let j(q) = -192*q + 1008. What is the remainder when 49 is divided by j(5)?
1
Suppose 61*f - 7*f - 1188 = 0. Calculate the remainder when 2724 is divided by f.
18
Let c be 8/(135/(-924) - (-20)/110). Suppose 5*m = -3*z + 777 + c, -5*m = 25. Calculate the remainder when z is divided by 8.
6
Suppose -2*c + 578 = 2*c + o, 2 = -o. What is the remainder when 387 is divided by c?
97
Calculate the remainder when 93 is divided by (396/324 - (-8)/(-9)) + (-118)/(-6).
13
Let z = 1778 + -1665. What is the remainder when z is divided by 60?
53
Let d be (195/(-420) - 4/14)*-8. Calculate the remainder when 154 is divided by 41 + (3 - d) + -5.
22
Let x(j) = 2*j**2 - 2*j - 5. Suppose -32*i + 30*i - 352 = 0. Let q = -73 - i. What is the remainder when q is divided by x(5)?
33
Let k(m) = m**2 - 64*m - 505. What is the remainder when 841 is divided by k(-8)?
60
Let f(h) = 3*h**3 - 6*h - 6. Let t be f(-2). Let g = 70 - t. Calculate the remainder when 349 is divided by g.
85
Suppose 3*j + 41 = y - j, -46 = -2*y - j. What is the remainder when y/175 - 2840/(-14) is divided by 5?
3
Let y = 619 + -603. Let l = 13 - -17. Calculate the remainder when l is divided by y.
14
Suppose -7*z + 9*z = 46. Suppose -17*g + z*g = 24. What is the remainder when 13 is divided by g?
1
Suppose 51*x - 210 = 30*x. What is the remainder when (1*(-260)/25)/((-2)/x) is divided by 21?
10
Suppose 5*w - 78 = d, d + 17 = w + 3. Suppose 0 = 67*k - 71*k + 68. Calculate the remainder when k is divided by -15*(-4)/16*w/6.
7
Suppose -2*g + 62 = -4*h - h, g - 3*h - 31 = 0. What is the remainder when 143 is divided by g?
19
Let v(f) = f + 29. Let r be v(-13). Suppose -4*t = -2*w - 62, -2*t + 3*w + 17 = -r. What is the remainder when 70 is divided by t?
10
Suppose 3*d - 135 = -51. Calculate the remainder when (-17 + -10)/(-4 - (-22)/6) is divided by d.
25
Let y = 1323 - 1304. What is the remainder when 303 is divided by y?
18
Let r(h) = 15030*h + 15074. Let g = -2 - -5. Suppose 0 - 48 = -g*z. What is the remainder when r(-1) is divided by z?
12
Let k(s) = s**2 - 6*s - 9. Let h = 1 + 7. Suppose 97*x = 92*x + 4*m, 0 = 3*m - 15. Calculate the remainder when k(h) is divided by x.
3
Let c = -15 + 9. Let s be (-3 - (4 + c))*6. What is the remainder when 8 is divided by 36/24*(-28)/s?
1
Let c = 12382 + -12374. Calculate the remainder when 1401 is divided by c.
1
Let n = -32 + 69. Let a(l) = l**3 + 3*l**2 - 7*l - 6. Let t be a(-4). Suppose t*g - 1160 = -2*g. What is the remainder when g is divided by n?
34
Let w(q) = 31*q**2 + 3*q - 2. Let m be w(2). Suppose -2*x + m = 2*x. Let u = -16 + x. Calculate the remainder when 29 is divided by u.
13
Suppose 90 = 4*x + 2*c, 0 = 2*x + 4*c + 3 - 45. Let d = 336 + -313. Calculate the remainder when d is divided by x.
0
Let s(v) = v**2 - 5*v + 8. Let x(n) = -2*n**2 + 15*n + 16. Calculate the remainder when s(10) is divided by x(0).
10
Suppose 0 = -n + 2*s + 14, 12*n - 4*s + 80 = 16*n. Suppose 0*l - 4*t = -4*l + 196, -3*l - 5*t = -155. What is the remainder when l is divided by n?
14
Suppose 4*i - 4*m - 5 = 11, -5*i + 3*m = -14. Let l = 2808 - 2803. Suppose 20 + 10 = l*d - x, 4*x + i = 3*d. Calculate the remainder when 67 is divided by d.
4
Let s = 556 + -536. What is the remainder when 258 is divided by s - 20 - (-82 + -1)?
9
Suppose -3*q + 5*v = -119, 4*q - 53 = -v + 121. Suppose -133*s + 256*s - 3145 = 86*s. What is the remainder when s is divided by q?
42
Let k be (-1144)/36 + (-6)/27. Let h = k + 32. Suppose h*s + 3*s = 105. Calculate the remainder when s is divided by 9.
8
Suppose 17*o - 804 - 811 = 0. Calculate the remainder when o is divided by 1/((-1)/(-16)*2).
7
What is the remainder when (4564/(-56))/((-5)/20) is divided by 41?
39
Suppose -198 = -293*f + 355*f - 2058. Suppose 5*s - 3*s - 178 = 0. What is the remainder when s is divided by f?
29
Suppose 0 = -12*g + 53 + 103. Let o(d) = 20*d - 100. What is the remainder when o(g) is divided by 23?
22
Suppose 3*v + 2*v - 728 = 4*p, -5*v + 693 = p. Calculate the remainder when 2516 is divided by v.
136
Let y(g) = -g**3 + 7*g**2 + 2*g - 12. Let h(q) = 109*q**3 - 3*q**2 + 3*q - 2. Suppose -17*n + 18*n - 1 = 0. What is the remainder when h(n) is divided by y(6)?
35
Suppose 5*u + 121 = 401. Suppose -623*o = -50562 - 54486 + 5368. Calculate the remainder when o is divided by u.
48
Suppose -4*o = -4*a + 4, a - 11*o + 6*o = -15. Suppose -5*t + 25 = -a. Suppose 4 = u